igit of 44931974?
4
What is the ten millions digit of 28025385?
2
What is the tens digit of 82514192?
9
What is the hundreds digit of 2837528249?
2
What is the hundreds digit of 754975652?
6
What is the ten thousands digit of 87000015?
0
What is the hundreds digit of 60184155?
1
What is the tens digit of 235965583?
8
What is the hundred millions digit of 3697512590?
6
What is the ten millions digit of 47144346?
4
What is the billions digit of 1468810675?
1
What is the ten millions digit of 5650902861?
5
What is the hundred millions digit of 1169538753?
1
What is the hundred millions digit of 1636870766?
6
What is the ten millions digit of 15472291?
1
What is the hundred thousands digit of 1499554224?
5
What is the ten thousands digit of 187575298?
7
What is the tens digit of 1767746967?
6
What is the ten thousands digit of 3313658233?
5
What is the hundreds digit of 592531991?
9
What is the thousands digit of 12567079?
7
What is the thousands digit of 362874299?
4
What is the ten millions digit of 11244267?
1
What is the thousands digit of 24467279?
7
What is the ten thousands digit of 17950852?
5
What is the ten thousands digit of 419627394?
2
What is the units digit of 675368742?
2
What is the ten thousands digit of 1205615598?
1
What is the ten thousands digit of 4959891912?
9
What is the hundred thousands digit of 3637943796?
9
What is the ten millions digit of 2203494128?
0
What is the hundred thousands digit of 666333582?
3
What is the millions digit of 4340438844?
0
What is the tens digit of 75587800?
0
What is the hundreds digit of 26587855?
8
What is the ten millions digit of 15798665?
1
What is the millions digit of 952622030?
2
What is the hundred thousands digit of 1074592840?
5
What is the thousands digit of 287302869?
2
What is the ten millions digit of 197241024?
9
What is the thousands digit of 840021235?
1
What is the ten thousands digit of 188249383?
4
What is the hundred millions digit of 1746233051?
7
What is the ten thousands digit of 150824703?
2
What is the hundreds digit of 2082040?
0
What is the thousands digit of 30236730?
6
What is the hundred thousands digit of 2685643007?
6
What is the hundreds digit of 292816612?
6
What is the hundred millions digit of 2379592113?
3
What is the hundred millions digit of 224170355?
2
What is the millions digit of 45195715?
5
What is the hundred thousands digit of 19280578?
2
What is the billions digit of 1323312080?
1
What is the thousands digit of 2643226986?
6
What is the units digit of 148511734?
4
What is the hundred thousands digit of 7877565?
8
What is the units digit of 80516161?
1
What is the hundreds digit of 2998782858?
8
What is the thousands digit of 1683265860?
5
What is the tens digit of 36861274?
7
What is the thousands digit of 82704480?
4
What is the ten millions digit of 46745791?
4
What is the hundreds digit of 191587142?
1
What is the millions digit of 374765573?
4
What is the ten millions digit of 133076570?
3
What is the hundred millions digit of 189569363?
1
What is the ten thousands digit of 60565183?
6
What is the ten thousands digit of 551053298?
5
What is the ten millions digit of 1328703296?
2
What is the ten millions digit of 57149828?
5
What is the ten millions digit of 145997060?
4
What is the thousands digit of 16090945?
0
What is the ten millions digit of 5292859841?
9
What is the tens digit of 76158547?
4
What is the units digit of 30559608?
8
What is the ten thousands digit of 229586694?
8
What is the millions digit of 40301825?
0
What is the ten millions digit of 1259246862?
5
What is the hundreds digit of 1903453085?
0
What is the ten millions digit of 305708363?
0
What is the hundred millions digit of 628736863?
6
What is the thousands digit of 240140348?
0
What is the hundred thousands digit of 667657866?
6
What is the hundred thousands digit of 358458540?
4
What is the hundreds digit of 141093103?
1
What is the hundreds digit of 5138327392?
3
What is the hundred thousands digit of 5547548708?
5
What is the hundred millions digit of 116507913?
1
What is the hundred thousands digit of 1123311904?
3
What is the hundred millions digit of 165340396?
1
What is the units digit of 36637347?
7
What is the ten millions digit of 2231590939?
3
What is the millions digit of 2463043235?
3
What is the ten thousands digit of 5252196?
5
What is the millions digit of 29855738?
9
What is the tens digit of 10937731?
3
What is the millions digit of 1360070702?
0
What is the hundreds digit of 12951074?
0
What is the thousands digit of 4709835079?
5
What is the units digit of 1432539238?
8
What is the ten millions digit of 45533011?
4
What is the hundred millions digit of 450678873?
4
What is the ten thousands digit of 1547684299?
8
What is the hundred millions digit of 110045921?
1
What is the hundred thousands digit of 3796271637?
2
What is the millions digit of 53648261?
3
What is the hundred millions digit of 607737669?
6
What is the hundreds digit of 35048275?
2
What is the hundred thousands digit of 135421048?
4
What is the hundreds digit of 164990878?
8
What is the tens digit of 82839511?
1
What is the thousands digit of 110486081?
6
What is the hundred thousands digit of 66950673?
9
What is the thousands digit of 59795049?
5
What is the ten thousands digit of 547332960?
3
What is the units digit of 1468554564?
4
What is the hundred thousands digit of 25409013?
4
What is the tens digit of 537168254?
5
What is the hundred thousands digit of 1507132537?
1
What is the ten millions digit of 55879437?
5
What is the millions digit of 1185907679?
5
What is the ten thousands digit of 16803936?
0
What is the units digit of 156834370?
0
What is the thousands digit of 30971622?
1
What is the millions digit of 23264610?
3
What is the thousands digit of 8328814?
8
What is the ten thousands digit of 25377409?
7
What is the tens digit of 39521458?
5
What is the billions digit of 1350816743?
1
What is the thousands digit of 13890002?
0
What is the units digit of 858851133?
3
What is the tens digit of 180987496?
9
What is the tens digit of 14281921?
2
What is the thousands digit of 352804250?
4
What is the billions digit of 4194935089?
4
What is the thousands digit of 889051915?
1
What is the ten millions digit of 232796077?
3
What is the millions digit of 37368907?
7
What is the ten millions digit of 46025900?
4
What is the ten thousands digit of 1992060629?
6
What is the thousands digit of 20033311?
3
What is the millions digit of 25122216?
5
What is the tens digit of 502000601?
0
What is the millions digit of 21280100?
1
What is the hundreds digit of 18308076?
0
What is the hundred millions digit of 545362380?
5
What is the units digit of 24512187?
7
What is the ten thousands digit of 585705734?
0
What is the hundreds digit of 95049640?
6
What is the thousands digit of 1005343731?
3
What is the tens digit of 2019695?
9
What is the thousands digit of 28923434?
3
What is the ten thousands digit of 31385429?
8
What is the units digit of 37315222?
2
What is the hundred thousands digit of 99654972?
6
What is the ten millions digit of 312849619?
1
What is the millions digit of 29579443?
9
What is the ten thousands digit of 4029662414?
6
What is the hundred millions digit of 134946192?
1
What is the millions digit of 175999569?
5
What is the ten thousands digit of 2376962471?
6
What is the billions digit of 1026997027?
1
What is the ten millions digit of 41783220?
4
What is the ten millions digit of 464520129?
6
What is the millions digit of 146033574?
6
What is the thousands digit of 616847063?
7
What is the hundred thousands digit of 4094936019?
9
What is the millions digit of 1288170131?
8
What is the tens digit of 1244879238?
3
What is the tens digit of 7588671?
7
What is the hundred millions digit of 1558569055?
5
What is the hundred thousands digit of 122348211?
3
What is the thousands digit of 8553775?
3
What is the hundred millions digit of 166523019?
1
What is the hundred millions digit of 965638383?
9
What is the hundreds digit of 118397657?
6
What is the thousands digit of 146797372?
7
What is the ten thousands digit of 2518733870?
3
What is the hundred thousands digit of 120996509?
9
What is the hundreds digit of 70600065?
0
What is the ten millions digit of 228